{"id":2381,"date":"2020-12-15T11:35:37","date_gmt":"2020-12-15T11:35:37","guid":{"rendered":"https:\/\/vinumnobile.com\/?page_id=2381"},"modified":"2023-03-14T17:47:27","modified_gmt":"2023-03-14T17:47:27","slug":"semi-seco-organico","status":"publish","type":"page","link":"https:\/\/vinumnobile.com\/index.php\/d-o-cava\/cava-vilarnau\/semi-seco-organico\/","title":{"rendered":"semi-seco-organico"},"content":{"rendered":"\t\t<div data-elementor-type=\"wp-page\" data-elementor-id=\"2381\" class=\"elementor elementor-2381\" data-elementor-settings=\"[]\">\n\t\t\t\t\t\t<div class=\"elementor-inner\">\n\t\t\t\t\t\t\t<div class=\"elementor-section-wrap\">\n\t\t\t\t\t\t\t<section class=\"elementor-section elementor-top-section elementor-element elementor-element-6f6962d2 elementor-section-height-full elementor-section-items-top elementor-section-boxed elementor-section-height-default\" data-id=\"6f6962d2\" data-element_type=\"section\">\n\t\t\t\t\t\t<div class=\"elementor-container elementor-column-gap-default\">\n\t\t\t\t\t\t\t<div class=\"elementor-row\">\n\t\t\t\t\t<div class=\"elementor-column elementor-col-33 elementor-top-column elementor-element elementor-element-19d6e63e\" data-id=\"19d6e63e\" data-element_type=\"column\">\n\t\t\t<div class=\"elementor-column-wrap elementor-element-populated\">\n\t\t\t\t\t\t\t<div class=\"elementor-widget-wrap\">\n\t\t\t\t\t\t<div class=\"elementor-element elementor-element-1adcc198 elementor-widget elementor-widget-heading\" data-id=\"1adcc198\" data-element_type=\"widget\" data-widget_type=\"heading.default\">\n\t\t\t\t<div class=\"elementor-widget-container\">\n\t\t\t<h1 class=\"elementor-heading-title elementor-size-default\">D.O. Cava<\/h1>\t\t<\/div>\n\t\t\t\t<\/div>\n\t\t\t\t<div class=\"elementor-element elementor-element-60994a4d elementor-widget-divider--view-line elementor-widget elementor-widget-divider\" data-id=\"60994a4d\" data-element_type=\"widget\" data-widget_type=\"divider.default\">\n\t\t\t\t<div class=\"elementor-widget-container\">\n\t\t\t\t\t<div class=\"elementor-divider\">\n\t\t\t<span class=\"elementor-divider-separator\">\n\t\t\t\t\t\t<\/span>\n\t\t<\/div>\n\t\t\t\t<\/div>\n\t\t\t\t<\/div>\n\t\t\t\t<div class=\"elementor-element elementor-element-29c769b2 elementor-widget elementor-widget-heading\" data-id=\"29c769b2\" data-element_type=\"widget\" data-widget_type=\"heading.default\">\n\t\t\t\t<div class=\"elementor-widget-container\">\n\t\t\t<h2 class=\"elementor-heading-title elementor-size-default\">VILARNAU<\/h2>\t\t<\/div>\n\t\t\t\t<\/div>\n\t\t\t\t<div class=\"elementor-element elementor-element-34b4d266 elementor-widget elementor-widget-heading\" data-id=\"34b4d266\" data-element_type=\"widget\" data-widget_type=\"heading.default\">\n\t\t\t\t<div class=\"elementor-widget-container\">\n\t\t\t<h3 class=\"elementor-heading-title elementor-size-default\">Semi Seco Org\u00e1nico<\/h3>\t\t<\/div>\n\t\t\t\t<\/div>\n\t\t\t\t<div class=\"elementor-element elementor-element-63d06c01 elementor-widget elementor-widget-text-editor\" data-id=\"63d06c01\" data-element_type=\"widget\" data-widget_type=\"text-editor.default\">\n\t\t\t\t<div class=\"elementor-widget-container\">\n\t\t\t\t\t\t\t\t<div class=\"elementor-text-editor elementor-clearfix\">\n\t\t\t\t\t<p><strong>VARIEDADES DE UVA:<\/strong><br \/>50% Macabeo, 35% Parellada y 15% Xarel\u00b7lo.<\/p>\t\t\t\t\t<\/div>\n\t\t\t\t\t\t<\/div>\n\t\t\t\t<\/div>\n\t\t\t\t<div class=\"elementor-element elementor-element-148e6f6 elementor-widget elementor-widget-text-editor\" data-id=\"148e6f6\" data-element_type=\"widget\" data-widget_type=\"text-editor.default\">\n\t\t\t\t<div class=\"elementor-widget-container\">\n\t\t\t\t\t\t\t\t<div class=\"elementor-text-editor elementor-clearfix\">\n\t\t\t\t\t<p class=\"p2\"><span class=\"s3\"><b>ELABORACI\u00d3N<\/b><\/span><strong>:<\/strong><br \/>Elaboramos los tres vinos base aut\u00f3ctonos, Macabeo, Xarel\u00b7lo y Parellada, siempre por separado. Las uvas son refrigeradas para preservar los precursores arom\u00e1ticos de la piel y evitar oxidaciones. Se realiza una primera fermentaci\u00f3n, durante 30 d\u00edas a 15\u00b0 C, y una vez terminada se procede al coupage o mezcla de los distintos vinos base. Posteriormente, pasamos a la segunda fermentaci\u00f3n dentro de la botella en la que la levadura transformar\u00e1 el vino en cava y producir\u00e1 las sus caracter\u00edsticas burbujas. Finalmente, en el momento del deg\u00fcelle se le a\u00f1ade una peque\u00f1a cantidad de licor de expedici\u00f3n, para darle las caracter\u00edsticas notas dulces de este cava.<\/p>\t\t\t\t\t<\/div>\n\t\t\t\t\t\t<\/div>\n\t\t\t\t<\/div>\n\t\t\t\t\t\t<\/div>\n\t\t\t\t\t<\/div>\n\t\t<\/div>\n\t\t\t\t<div class=\"elementor-column elementor-col-33 elementor-top-column elementor-element elementor-element-3eeb556c\" data-id=\"3eeb556c\" data-element_type=\"column\">\n\t\t\t<div class=\"elementor-column-wrap elementor-element-populated\">\n\t\t\t\t\t\t\t<div class=\"elementor-widget-wrap\">\n\t\t\t\t\t\t<div class=\"elementor-element elementor-element-8337fb7 elementor-widget elementor-widget-image\" data-id=\"8337fb7\" data-element_type=\"widget\" data-widget_type=\"image.default\">\n\t\t\t\t<div class=\"elementor-widget-container\">\n\t\t\t\t\t\t\t\t<div class=\"elementor-image\">\n\t\t\t\t\t\t\t\t\t\t\t\t<img loading=\"lazy\" decoding=\"async\" width=\"158\" height=\"580\" src=\"https:\/\/vinumnobile.com\/wp-content\/uploads\/2023\/03\/VilarnauCavas-botella-05b-SemiSecoOrganico.png\" class=\"attachment-full size-full\" alt=\"\" \/>\t\t\t\t\t\t\t\t\t\t\t\t\t\t<\/div>\n\t\t\t\t\t\t<\/div>\n\t\t\t\t<\/div>\n\t\t\t\t\t\t<\/div>\n\t\t\t\t\t<\/div>\n\t\t<\/div>\n\t\t\t\t<div class=\"elementor-column elementor-col-33 elementor-top-column elementor-element elementor-element-bfdde0a\" data-id=\"bfdde0a\" data-element_type=\"column\">\n\t\t\t<div class=\"elementor-column-wrap elementor-element-populated\">\n\t\t\t\t\t\t\t<div class=\"elementor-widget-wrap\">\n\t\t\t\t\t\t<div class=\"elementor-element elementor-element-52610170 elementor-widget elementor-widget-text-editor\" data-id=\"52610170\" data-element_type=\"widget\" data-widget_type=\"text-editor.default\">\n\t\t\t\t<div class=\"elementor-widget-container\">\n\t\t\t\t\t\t\t\t<div class=\"elementor-text-editor elementor-clearfix\">\n\t\t\t\t\t<p class=\"p2\"><span class=\"s3\"><b>COMENTARIOS ENOL\u00d3GICOS<\/b><\/span><strong>:<\/strong><br \/>Vilarnau Semi Seco presenta un gran potencial arom\u00e1tico basado en los aromas primarios de la fruta de la que proviene, la uva. Adem\u00e1s, en boca presenta un muy buen equilibrio entre acidez y dulzura.<\/p>\t\t\t\t\t<\/div>\n\t\t\t\t\t\t<\/div>\n\t\t\t\t<\/div>\n\t\t\t\t<div class=\"elementor-element elementor-element-f7f01f3 elementor-widget elementor-widget-text-editor\" data-id=\"f7f01f3\" data-element_type=\"widget\" data-widget_type=\"text-editor.default\">\n\t\t\t\t<div class=\"elementor-widget-container\">\n\t\t\t\t\t\t\t\t<div class=\"elementor-text-editor elementor-clearfix\">\n\t\t\t\t\t<p class=\"p2\"><span class=\"s3\"><b>SERVICIO Y MARIDAJE<\/b><\/span><strong>:<\/strong><br \/>A temperatura entre 6\u00b0- 8\u00b0 C, es un cava muy fresco y afrutado, por lo que lo recomendamos para acompa\u00f1ar todo tipo de postres y surtidos de quesos.<\/p>\t\t\t\t\t<\/div>\n\t\t\t\t\t\t<\/div>\n\t\t\t\t<\/div>\n\t\t\t\t<div class=\"elementor-element elementor-element-2dac6402 elementor-align-center elementor-widget elementor-widget-button\" data-id=\"2dac6402\" data-element_type=\"widget\" data-widget_type=\"button.default\">\n\t\t\t\t<div class=\"elementor-widget-container\">\n\t\t\t\t\t<div class=\"elementor-button-wrapper\">\n\t\t\t<a href=\"https:\/\/vinumnobile.com\/wp-content\/uploads\/2023\/03\/VilarnauCavas-botella-05-SemiSecoOrganico.pdf\" target=\"_blank\" class=\"elementor-button-link elementor-button elementor-size-sm\" role=\"button\">\n\t\t\t\t\t\t<span class=\"elementor-button-content-wrapper\">\n\t\t\t\t\t\t<span class=\"elementor-button-text\">DESCARGAR FICHA PDF<\/span>\n\t\t<\/span>\n\t\t\t\t\t<\/a>\n\t\t<\/div>\n\t\t\t\t<\/div>\n\t\t\t\t<\/div>\n\t\t\t\t\t\t<\/div>\n\t\t\t\t\t<\/div>\n\t\t<\/div>\n\t\t\t\t\t\t\t\t<\/div>\n\t\t\t\t\t<\/div>\n\t\t<\/section>\n\t\t\t\t\t\t<\/div>\n\t\t\t\t\t\t<\/div>\n\t\t\t\t\t<\/div>\n\t\t","protected":false},"excerpt":{"rendered":"<p>D.O. Cava VILARNAU Semi Seco Org\u00e1nico VARIEDADES DE UVA:50% Macabeo, 35% Parellada y 15% Xarel\u00b7lo. ELABORACI\u00d3N:Elaboramos los tres vinos base aut\u00f3ctonos, Macabeo, Xarel\u00b7lo y Parellada, siempre por separado. Las uvas son refrigeradas para preservar los precursores arom\u00e1ticos de la piel y evitar oxidaciones. Se realiza una primera fermentaci\u00f3n, durante 30 d\u00edas a 15\u00b0 C, y [&hellip;]<\/p>\n","protected":false},"author":1,"featured_media":0,"parent":2323,"menu_order":0,"comment_status":"closed","ping_status":"closed","template":"elementor_header_footer","meta":{"footnotes":""},"class_list":["post-2381","page","type-page","status-publish","hentry"],"_links":{"self":[{"href":"https:\/\/vinumnobile.com\/index.php\/wp-json\/wp\/v2\/pages\/2381","targetHints":{"allow":["GET"]}}],"collection":[{"href":"https:\/\/vinumnobile.com\/index.php\/wp-json\/wp\/v2\/pages"}],"about":[{"href":"https:\/\/vinumnobile.com\/index.php\/wp-json\/wp\/v2\/types\/page"}],"author":[{"embeddable":true,"href":"https:\/\/vinumnobile.com\/index.php\/wp-json\/wp\/v2\/users\/1"}],"replies":[{"embeddable":true,"href":"https:\/\/vinumnobile.com\/index.php\/wp-json\/wp\/v2\/comments?post=2381"}],"version-history":[{"count":7,"href":"https:\/\/vinumnobile.com\/index.php\/wp-json\/wp\/v2\/pages\/2381\/revisions"}],"predecessor-version":[{"id":4790,"href":"https:\/\/vinumnobile.com\/index.php\/wp-json\/wp\/v2\/pages\/2381\/revisions\/4790"}],"up":[{"embeddable":true,"href":"https:\/\/vinumnobile.com\/index.php\/wp-json\/wp\/v2\/pages\/2323"}],"wp:attachment":[{"href":"https:\/\/vinumnobile.com\/index.php\/wp-json\/wp\/v2\/media?parent=2381"}],"curies":[{"name":"wp","href":"https:\/\/api.w.org\/{rel}","templated":true}]}}

<div data-elementor-type="wp-page" data-elementor-id="2381" class="elementor elementor-2381" data-elementor-settings="[]">
						<div class="elementor-inner">
							<div class="elementor-section-wrap">
							<section class="elementor-section elementor-top-section elementor-element elementor-element-6f6962d2 elementor-section-height-full elementor-section-items-top elementor-section-boxed elementor-section-height-default" data-id="6f6962d2" data-element_type="section">
						<div class="elementor-container elementor-column-gap-default">
							<div class="elementor-row">
					<div class="elementor-column elementor-col-33 elementor-top-column elementor-element elementor-element-19d6e63e" data-id="19d6e63e" data-element_type="column">
			<div class="elementor-column-wrap elementor-element-populated">
							<div class="elementor-widget-wrap">
						<div class="elementor-element elementor-element-1adcc198 elementor-widget elementor-widget-heading" data-id="1adcc198" data-element_type="widget" data-widget_type="heading.default">
				<div class="elementor-widget-container">
			<h1 class="elementor-heading-title elementor-size-default">D.O. Cava</h1>		</div>
				</div>
				<div class="elementor-element elementor-element-60994a4d elementor-widget-divider--view-line elementor-widget elementor-widget-divider" data-id="60994a4d" data-element_type="widget" data-widget_type="divider.default">
				<div class="elementor-widget-container">
					<div class="elementor-divider">
			<span class="elementor-divider-separator">
						</span>
		</div>
				</div>
				</div>
				<div class="elementor-element elementor-element-29c769b2 elementor-widget elementor-widget-heading" data-id="29c769b2" data-element_type="widget" data-widget_type="heading.default">
				<div class="elementor-widget-container">
			<h2 class="elementor-heading-title elementor-size-default">VILARNAU</h2>		</div>
				</div>
				<div class="elementor-element elementor-element-34b4d266 elementor-widget elementor-widget-heading" data-id="34b4d266" data-element_type="widget" data-widget_type="heading.default">
				<div class="elementor-widget-container">
			<h3 class="elementor-heading-title elementor-size-default">Semi Seco Orgánico</h3>		</div>
				</div>
				<div class="elementor-element elementor-element-63d06c01 elementor-widget elementor-widget-text-editor" data-id="63d06c01" data-element_type="widget" data-widget_type="text-editor.default">
				<div class="elementor-widget-container">
								<div class="elementor-text-editor elementor-clearfix">
					<p><strong>VARIEDADES DE UVA:</strong><br />50% Macabeo, 35% Parellada y 15% Xarel·lo.</p>					</div>
						</div>
				</div>
				<div class="elementor-element elementor-element-148e6f6 elementor-widget elementor-widget-text-editor" data-id="148e6f6" data-element_type="widget" data-widget_type="text-editor.default">
				<div class="elementor-widget-container">
								<div class="elementor-text-editor elementor-clearfix">
					<p class="p2"><span class="s3"><b>ELABORACIÓN</b></span><strong>:</strong><br />Elaboramos los tres vinos base autóctonos, Macabeo, Xarel·lo y Parellada, siempre por separado. Las uvas son refrigeradas para preservar los precursores aromáticos de la piel y evitar oxidaciones. Se realiza una primera fermentación, durante 30 días a 15° C, y una vez terminada se procede al coupage o mezcla de los distintos vinos base. Posteriormente, pasamos a la segunda fermentación dentro de la botella en la que la levadura transformará el vino en cava y producirá las sus características burbujas. Finalmente, en el momento del degüelle se le añade una pequeña cantidad de licor de expedición, para darle las características notas dulces de este cava.</p>					</div>
						</div>
				</div>
						</div>
					</div>
		</div>
				<div class="elementor-column elementor-col-33 elementor-top-column elementor-element elementor-element-3eeb556c" data-id="3eeb556c" data-element_type="column">
			<div class="elementor-column-wrap elementor-element-populated">
							<div class="elementor-widget-wrap">
						<div class="elementor-element elementor-element-8337fb7 elementor-widget elementor-widget-image" data-id="8337fb7" data-element_type="widget" data-widget_type="image.default">
				<div class="elementor-widget-container">
								<div class="elementor-image">
												<img loading="lazy" decoding="async" width="158" height="580" src="https://vinumnobile.com/wp-content/uploads/2023/03/VilarnauCavas-botella-05b-SemiSecoOrganico.png" class="attachment-full size-full" alt="" />														</div>
						</div>
				</div>
						</div>
					</div>
		</div>
				<div class="elementor-column elementor-col-33 elementor-top-column elementor-element elementor-element-bfdde0a" data-id="bfdde0a" data-element_type="column">
			<div class="elementor-column-wrap elementor-element-populated">
							<div class="elementor-widget-wrap">
						<div class="elementor-element elementor-element-52610170 elementor-widget elementor-widget-text-editor" data-id="52610170" data-element_type="widget" data-widget_type="text-editor.default">
				<div class="elementor-widget-container">
								<div class="elementor-text-editor elementor-clearfix">
					<p class="p2"><span class="s3"><b>COMENTARIOS ENOLÓGICOS</b></span><strong>:</strong><br />Vilarnau Semi Seco presenta un gran potencial aromático basado en los aromas primarios de la fruta de la que proviene, la uva. Además, en boca presenta un muy buen equilibrio entre acidez y dulzura.</p>					</div>
						</div>
				</div>
				<div class="elementor-element elementor-element-f7f01f3 elementor-widget elementor-widget-text-editor" data-id="f7f01f3" data-element_type="widget" data-widget_type="text-editor.default">
				<div class="elementor-widget-container">
								<div class="elementor-text-editor elementor-clearfix">
					<p class="p2"><span class="s3"><b>SERVICIO Y MARIDAJE</b></span><strong>:</strong><br />A temperatura entre 6°- 8° C, es un cava muy fresco y afrutado, por lo que lo recomendamos para acompañar todo tipo de postres y surtidos de quesos.</p>					</div>
						</div>
				</div>
				<div class="elementor-element elementor-element-2dac6402 elementor-align-center elementor-widget elementor-widget-button" data-id="2dac6402" data-element_type="widget" data-widget_type="button.default">
				<div class="elementor-widget-container">
					<div class="elementor-button-wrapper">
			<a href="https://vinumnobile.com/wp-content/uploads/2023/03/VilarnauCavas-botella-05-SemiSecoOrganico.pdf" target="_blank" class="elementor-button-link elementor-button elementor-size-sm" role="button">
						<span class="elementor-button-content-wrapper">
						<span class="elementor-button-text">DESCARGAR FICHA PDF</span>
		</span>
					</a>
		</div>
				</div>
				</div>
						</div>
					</div>
		</div>
								</div>
					</div>
		</section>
						</div>
						</div>
					</div>

<p>D.O. Cava VILARNAU Semi Seco Orgánico VARIEDADES DE UVA:50% Macabeo, 35% Parellada y 15% Xarel·lo. ELABORACIÓN:Elaboramos los tres vinos base autóctonos, Macabeo, Xarel·lo y Parellada, siempre por separado. Las uvas son refrigeradas para preservar los precursores aromáticos de la piel y evitar oxidaciones. Se realiza una primera fermentación, durante 30 días a 15° C, y [&hellip;]</p>
