{"id":1912,"date":"2020-12-14T10:33:16","date_gmt":"2020-12-14T10:33:16","guid":{"rendered":"https:\/\/vinumnobile.com\/?page_id=1912"},"modified":"2020-12-16T17:52:41","modified_gmt":"2020-12-16T17:52:41","slug":"jaros","status":"publish","type":"page","link":"https:\/\/vinumnobile.com\/index.php\/d-o-ribera-del-duero\/vinas-del-jaro\/jaros\/","title":{"rendered":"jaros"},"content":{"rendered":"\t\t<div data-elementor-type=\"wp-page\" data-elementor-id=\"1912\" class=\"elementor elementor-1912\" data-elementor-settings=\"[]\">\n\t\t\t\t\t\t<div class=\"elementor-inner\">\n\t\t\t\t\t\t\t<div class=\"elementor-section-wrap\">\n\t\t\t\t\t\t\t<section class=\"elementor-section elementor-top-section elementor-element elementor-element-7633b2a9 elementor-section-height-full elementor-section-items-top elementor-section-boxed elementor-section-height-default\" data-id=\"7633b2a9\" data-element_type=\"section\">\n\t\t\t\t\t\t<div class=\"elementor-container elementor-column-gap-default\">\n\t\t\t\t\t\t\t<div class=\"elementor-row\">\n\t\t\t\t\t<div class=\"elementor-column elementor-col-33 elementor-top-column elementor-element elementor-element-4b6eb064\" data-id=\"4b6eb064\" data-element_type=\"column\">\n\t\t\t<div class=\"elementor-column-wrap elementor-element-populated\">\n\t\t\t\t\t\t\t<div class=\"elementor-widget-wrap\">\n\t\t\t\t\t\t<div class=\"elementor-element elementor-element-3c84153d elementor-widget elementor-widget-heading\" data-id=\"3c84153d\" data-element_type=\"widget\" data-widget_type=\"heading.default\">\n\t\t\t\t<div class=\"elementor-widget-container\">\n\t\t\t<h1 class=\"elementor-heading-title elementor-size-default\">D.O. Ribera del Duero<\/h1>\t\t<\/div>\n\t\t\t\t<\/div>\n\t\t\t\t<div class=\"elementor-element elementor-element-67ea8de6 elementor-widget-divider--view-line elementor-widget elementor-widget-divider\" data-id=\"67ea8de6\" data-element_type=\"widget\" data-widget_type=\"divider.default\">\n\t\t\t\t<div class=\"elementor-widget-container\">\n\t\t\t\t\t<div class=\"elementor-divider\">\n\t\t\t<span class=\"elementor-divider-separator\">\n\t\t\t\t\t\t<\/span>\n\t\t<\/div>\n\t\t\t\t<\/div>\n\t\t\t\t<\/div>\n\t\t\t\t<div class=\"elementor-element elementor-element-53d28736 elementor-widget elementor-widget-heading\" data-id=\"53d28736\" data-element_type=\"widget\" data-widget_type=\"heading.default\">\n\t\t\t\t<div class=\"elementor-widget-container\">\n\t\t\t<h2 class=\"elementor-heading-title elementor-size-default\">VI\u00d1AS DEL JARO<\/h2>\t\t<\/div>\n\t\t\t\t<\/div>\n\t\t\t\t<div class=\"elementor-element elementor-element-3d3829c elementor-widget elementor-widget-heading\" data-id=\"3d3829c\" data-element_type=\"widget\" data-widget_type=\"heading.default\">\n\t\t\t\t<div class=\"elementor-widget-container\">\n\t\t\t<h3 class=\"elementor-heading-title elementor-size-default\">Jaros<\/h3>\t\t<\/div>\n\t\t\t\t<\/div>\n\t\t\t\t<div class=\"elementor-element elementor-element-17b199cf elementor-widget elementor-widget-text-editor\" data-id=\"17b199cf\" data-element_type=\"widget\" data-widget_type=\"text-editor.default\">\n\t\t\t\t<div class=\"elementor-widget-container\">\n\t\t\t\t\t\t\t\t<div class=\"elementor-text-editor elementor-clearfix\">\n\t\t\t\t\t<strong>VARIEDADES DE UVA:<br\/><\/strong>\nTempranillo: 100%\t\t\t\t\t<\/div>\n\t\t\t\t\t\t<\/div>\n\t\t\t\t<\/div>\n\t\t\t\t<div class=\"elementor-element elementor-element-5c51ca49 elementor-widget elementor-widget-text-editor\" data-id=\"5c51ca49\" data-element_type=\"widget\" data-widget_type=\"text-editor.default\">\n\t\t\t\t<div class=\"elementor-widget-container\">\n\t\t\t\t\t\t\t\t<div class=\"elementor-text-editor elementor-clearfix\">\n\t\t\t\t\t<strong>GRADO ALCOH\u00d3LICO:<br\/>\n<\/strong>\n14,\u00b0\n\t\t\t\t\t<\/div>\n\t\t\t\t\t\t<\/div>\n\t\t\t\t<\/div>\n\t\t\t\t<div class=\"elementor-element elementor-element-4156073 elementor-widget elementor-widget-text-editor\" data-id=\"4156073\" data-element_type=\"widget\" data-widget_type=\"text-editor.default\">\n\t\t\t\t<div class=\"elementor-widget-container\">\n\t\t\t\t\t\t\t\t<div class=\"elementor-text-editor elementor-clearfix\">\n\t\t\t\t\t<strong>LOCALIZACI\u00d3N:<br\/><\/strong>\nFinca El Qui\u00f1\u00f3n. Pesquera de Duero.\t\t\t\t\t<\/div>\n\t\t\t\t\t\t<\/div>\n\t\t\t\t<\/div>\n\t\t\t\t<div class=\"elementor-element elementor-element-e72fb90 elementor-widget elementor-widget-text-editor\" data-id=\"e72fb90\" data-element_type=\"widget\" data-widget_type=\"text-editor.default\">\n\t\t\t\t<div class=\"elementor-widget-container\">\n\t\t\t\t\t\t\t\t<div class=\"elementor-text-editor elementor-clearfix\">\n\t\t\t\t\t<strong>FERMENTACI\u00d3N:<br\/>\n<\/strong>\nDurante 12 d\u00edas a temperatura de 26\u00b0 C.\t\t\t\t\t<\/div>\n\t\t\t\t\t\t<\/div>\n\t\t\t\t<\/div>\n\t\t\t\t\t\t<\/div>\n\t\t\t\t\t<\/div>\n\t\t<\/div>\n\t\t\t\t<div class=\"elementor-column elementor-col-33 elementor-top-column elementor-element elementor-element-2157c953\" data-id=\"2157c953\" data-element_type=\"column\">\n\t\t\t<div class=\"elementor-column-wrap elementor-element-populated\">\n\t\t\t\t\t\t\t<div class=\"elementor-widget-wrap\">\n\t\t\t\t\t\t<div class=\"elementor-element elementor-element-20096bfa elementor-widget elementor-widget-image\" data-id=\"20096bfa\" data-element_type=\"widget\" data-widget_type=\"image.default\">\n\t\t\t\t<div class=\"elementor-widget-container\">\n\t\t\t\t\t\t\t\t<div class=\"elementor-image\">\n\t\t\t\t\t\t\t\t\t\t\t\t<img loading=\"lazy\" decoding=\"async\" width=\"131\" height=\"580\" src=\"https:\/\/vinumnobile.com\/wp-content\/uploads\/2020\/12\/VinasDelJaroGamaSuperior-botella-01b-Jaros.png\" class=\"attachment-full size-full\" alt=\"\" \/>\t\t\t\t\t\t\t\t\t\t\t\t\t\t<\/div>\n\t\t\t\t\t\t<\/div>\n\t\t\t\t<\/div>\n\t\t\t\t\t\t<\/div>\n\t\t\t\t\t<\/div>\n\t\t<\/div>\n\t\t\t\t<div class=\"elementor-column elementor-col-33 elementor-top-column elementor-element elementor-element-367a0ad8\" data-id=\"367a0ad8\" data-element_type=\"column\">\n\t\t\t<div class=\"elementor-column-wrap elementor-element-populated\">\n\t\t\t\t\t\t\t<div class=\"elementor-widget-wrap\">\n\t\t\t\t\t\t<div class=\"elementor-element elementor-element-6b8c0b85 elementor-widget elementor-widget-text-editor\" data-id=\"6b8c0b85\" data-element_type=\"widget\" data-widget_type=\"text-editor.default\">\n\t\t\t\t<div class=\"elementor-widget-container\">\n\t\t\t\t\t\t\t\t<div class=\"elementor-text-editor elementor-clearfix\">\n\t\t\t\t\t<strong>TIEMPO DE MACERACI\u00d3N POST-FERMENTATIVA:<br\/><\/strong>\n14 d\u00edas con sus hollejos.\t\t\t\t\t<\/div>\n\t\t\t\t\t\t<\/div>\n\t\t\t\t<\/div>\n\t\t\t\t<div class=\"elementor-element elementor-element-37a01fe elementor-widget elementor-widget-text-editor\" data-id=\"37a01fe\" data-element_type=\"widget\" data-widget_type=\"text-editor.default\">\n\t\t\t\t<div class=\"elementor-widget-container\">\n\t\t\t\t\t\t\t\t<div class=\"elementor-text-editor elementor-clearfix\">\n\t\t\t\t\t<strong>CRIANZA:<\/strong><br\/>\n17 meses en barricas nuevas y de un a\u00f1o de roble franc\u00e9s de 300 litros.\t\t\t\t\t<\/div>\n\t\t\t\t\t\t<\/div>\n\t\t\t\t<\/div>\n\t\t\t\t<div class=\"elementor-element elementor-element-49b42c56 elementor-widget elementor-widget-text-editor\" data-id=\"49b42c56\" data-element_type=\"widget\" data-widget_type=\"text-editor.default\">\n\t\t\t\t<div class=\"elementor-widget-container\">\n\t\t\t\t\t\t\t\t<div class=\"elementor-text-editor elementor-clearfix\">\n\t\t\t\t\t<strong>CATA:<\/strong><br\/>\nEn nariz desarrolla aromas de frutillos del bosque sobre matices\nbals\u00e1micos y mentolados, con notas especiadas y de maderas finas.\nEn la boca es amplio, equilibrado y con un persistente posgusto\nmuy frutal y de car\u00e1cter mineral por v\u00eda retronasal.\t\t\t\t\t<\/div>\n\t\t\t\t\t\t<\/div>\n\t\t\t\t<\/div>\n\t\t\t\t<div class=\"elementor-element elementor-element-3b410428 elementor-align-center elementor-widget elementor-widget-button\" data-id=\"3b410428\" data-element_type=\"widget\" data-widget_type=\"button.default\">\n\t\t\t\t<div class=\"elementor-widget-container\">\n\t\t\t\t\t<div class=\"elementor-button-wrapper\">\n\t\t\t<a href=\"https:\/\/vinumnobile.com\/wp-content\/uploads\/2020\/12\/VinasDelJaroGamaSuperior-ficha-01-Jaros.pdf\" target=\"_blank\" class=\"elementor-button-link elementor-button elementor-size-sm\" role=\"button\">\n\t\t\t\t\t\t<span class=\"elementor-button-content-wrapper\">\n\t\t\t\t\t\t<span class=\"elementor-button-text\">DESCARGAR FICHA PDF<\/span>\n\t\t<\/span>\n\t\t\t\t\t<\/a>\n\t\t<\/div>\n\t\t\t\t<\/div>\n\t\t\t\t<\/div>\n\t\t\t\t\t\t<\/div>\n\t\t\t\t\t<\/div>\n\t\t<\/div>\n\t\t\t\t\t\t\t\t<\/div>\n\t\t\t\t\t<\/div>\n\t\t<\/section>\n\t\t\t\t\t\t<\/div>\n\t\t\t\t\t\t<\/div>\n\t\t\t\t\t<\/div>\n\t\t","protected":false},"excerpt":{"rendered":"<p>D.O. Ribera del Duero VI\u00d1AS DEL JARO Jaros VARIEDADES DE UVA: Tempranillo: 100%GRADO ALCOH\u00d3LICO: 14,\u00b0 LOCALIZACI\u00d3N: Finca El Qui\u00f1\u00f3n. Pesquera de Duero.FERMENTACI\u00d3N: Durante 12 d\u00edas a temperatura de 26\u00b0 C. TIEMPO DE MACERACI\u00d3N POST-FERMENTATIVA: 14 d\u00edas con sus hollejos.CRIANZA: 17 meses en barricas nuevas y de un a\u00f1o de roble franc\u00e9s de 300 litros.CATA: En [&hellip;]<\/p>\n","protected":false},"author":1,"featured_media":0,"parent":1894,"menu_order":0,"comment_status":"closed","ping_status":"closed","template":"elementor_header_footer","meta":{"footnotes":""},"class_list":["post-1912","page","type-page","status-publish","hentry"],"_links":{"self":[{"href":"https:\/\/vinumnobile.com\/index.php\/wp-json\/wp\/v2\/pages\/1912","targetHints":{"allow":["GET"]}}],"collection":[{"href":"https:\/\/vinumnobile.com\/index.php\/wp-json\/wp\/v2\/pages"}],"about":[{"href":"https:\/\/vinumnobile.com\/index.php\/wp-json\/wp\/v2\/types\/page"}],"author":[{"embeddable":true,"href":"https:\/\/vinumnobile.com\/index.php\/wp-json\/wp\/v2\/users\/1"}],"replies":[{"embeddable":true,"href":"https:\/\/vinumnobile.com\/index.php\/wp-json\/wp\/v2\/comments?post=1912"}],"version-history":[{"count":7,"href":"https:\/\/vinumnobile.com\/index.php\/wp-json\/wp\/v2\/pages\/1912\/revisions"}],"predecessor-version":[{"id":3494,"href":"https:\/\/vinumnobile.com\/index.php\/wp-json\/wp\/v2\/pages\/1912\/revisions\/3494"}],"up":[{"embeddable":true,"href":"https:\/\/vinumnobile.com\/index.php\/wp-json\/wp\/v2\/pages\/1894"}],"wp:attachment":[{"href":"https:\/\/vinumnobile.com\/index.php\/wp-json\/wp\/v2\/media?parent=1912"}],"curies":[{"name":"wp","href":"https:\/\/api.w.org\/{rel}","templated":true}]}}

<div data-elementor-type="wp-page" data-elementor-id="1912" class="elementor elementor-1912" data-elementor-settings="[]">
						<div class="elementor-inner">
							<div class="elementor-section-wrap">
							<section class="elementor-section elementor-top-section elementor-element elementor-element-7633b2a9 elementor-section-height-full elementor-section-items-top elementor-section-boxed elementor-section-height-default" data-id="7633b2a9" data-element_type="section">
						<div class="elementor-container elementor-column-gap-default">
							<div class="elementor-row">
					<div class="elementor-column elementor-col-33 elementor-top-column elementor-element elementor-element-4b6eb064" data-id="4b6eb064" data-element_type="column">
			<div class="elementor-column-wrap elementor-element-populated">
							<div class="elementor-widget-wrap">
						<div class="elementor-element elementor-element-3c84153d elementor-widget elementor-widget-heading" data-id="3c84153d" data-element_type="widget" data-widget_type="heading.default">
				<div class="elementor-widget-container">
			<h1 class="elementor-heading-title elementor-size-default">D.O. Ribera del Duero</h1>		</div>
				</div>
				<div class="elementor-element elementor-element-67ea8de6 elementor-widget-divider--view-line elementor-widget elementor-widget-divider" data-id="67ea8de6" data-element_type="widget" data-widget_type="divider.default">
				<div class="elementor-widget-container">
					<div class="elementor-divider">
			<span class="elementor-divider-separator">
						</span>
		</div>
				</div>
				</div>
				<div class="elementor-element elementor-element-53d28736 elementor-widget elementor-widget-heading" data-id="53d28736" data-element_type="widget" data-widget_type="heading.default">
				<div class="elementor-widget-container">
			<h2 class="elementor-heading-title elementor-size-default">VIÑAS DEL JARO</h2>		</div>
				</div>
				<div class="elementor-element elementor-element-3d3829c elementor-widget elementor-widget-heading" data-id="3d3829c" data-element_type="widget" data-widget_type="heading.default">
				<div class="elementor-widget-container">
			<h3 class="elementor-heading-title elementor-size-default">Jaros</h3>		</div>
				</div>
				<div class="elementor-element elementor-element-17b199cf elementor-widget elementor-widget-text-editor" data-id="17b199cf" data-element_type="widget" data-widget_type="text-editor.default">
				<div class="elementor-widget-container">
								<div class="elementor-text-editor elementor-clearfix">
					<strong>VARIEDADES DE UVA:<br/></strong>
Tempranillo: 100%					</div>
						</div>
				</div>
				<div class="elementor-element elementor-element-5c51ca49 elementor-widget elementor-widget-text-editor" data-id="5c51ca49" data-element_type="widget" data-widget_type="text-editor.default">
				<div class="elementor-widget-container">
								<div class="elementor-text-editor elementor-clearfix">
					<strong>GRADO ALCOHÓLICO:<br/>
</strong>
14,°
					</div>
						</div>
				</div>
				<div class="elementor-element elementor-element-4156073 elementor-widget elementor-widget-text-editor" data-id="4156073" data-element_type="widget" data-widget_type="text-editor.default">
				<div class="elementor-widget-container">
								<div class="elementor-text-editor elementor-clearfix">
					<strong>LOCALIZACIÓN:<br/></strong>
Finca El Quiñón. Pesquera de Duero.					</div>
						</div>
				</div>
				<div class="elementor-element elementor-element-e72fb90 elementor-widget elementor-widget-text-editor" data-id="e72fb90" data-element_type="widget" data-widget_type="text-editor.default">
				<div class="elementor-widget-container">
								<div class="elementor-text-editor elementor-clearfix">
					<strong>FERMENTACIÓN:<br/>
</strong>
Durante 12 días a temperatura de 26° C.					</div>
						</div>
				</div>
						</div>
					</div>
		</div>
				<div class="elementor-column elementor-col-33 elementor-top-column elementor-element elementor-element-2157c953" data-id="2157c953" data-element_type="column">
			<div class="elementor-column-wrap elementor-element-populated">
							<div class="elementor-widget-wrap">
						<div class="elementor-element elementor-element-20096bfa elementor-widget elementor-widget-image" data-id="20096bfa" data-element_type="widget" data-widget_type="image.default">
				<div class="elementor-widget-container">
								<div class="elementor-image">
												<img loading="lazy" decoding="async" width="131" height="580" src="https://vinumnobile.com/wp-content/uploads/2020/12/VinasDelJaroGamaSuperior-botella-01b-Jaros.png" class="attachment-full size-full" alt="" />														</div>
						</div>
				</div>
						</div>
					</div>
		</div>
				<div class="elementor-column elementor-col-33 elementor-top-column elementor-element elementor-element-367a0ad8" data-id="367a0ad8" data-element_type="column">
			<div class="elementor-column-wrap elementor-element-populated">
							<div class="elementor-widget-wrap">
						<div class="elementor-element elementor-element-6b8c0b85 elementor-widget elementor-widget-text-editor" data-id="6b8c0b85" data-element_type="widget" data-widget_type="text-editor.default">
				<div class="elementor-widget-container">
								<div class="elementor-text-editor elementor-clearfix">
					<strong>TIEMPO DE MACERACIÓN POST-FERMENTATIVA:<br/></strong>
14 días con sus hollejos.					</div>
						</div>
				</div>
				<div class="elementor-element elementor-element-37a01fe elementor-widget elementor-widget-text-editor" data-id="37a01fe" data-element_type="widget" data-widget_type="text-editor.default">
				<div class="elementor-widget-container">
								<div class="elementor-text-editor elementor-clearfix">
					<strong>CRIANZA:</strong><br/>
17 meses en barricas nuevas y de un año de roble francés de 300 litros.					</div>
						</div>
				</div>
				<div class="elementor-element elementor-element-49b42c56 elementor-widget elementor-widget-text-editor" data-id="49b42c56" data-element_type="widget" data-widget_type="text-editor.default">
				<div class="elementor-widget-container">
								<div class="elementor-text-editor elementor-clearfix">
					<strong>CATA:</strong><br/>
En nariz desarrolla aromas de frutillos del bosque sobre matices
balsámicos y mentolados, con notas especiadas y de maderas finas.
En la boca es amplio, equilibrado y con un persistente posgusto
muy frutal y de carácter mineral por vía retronasal.					</div>
						</div>
				</div>
				<div class="elementor-element elementor-element-3b410428 elementor-align-center elementor-widget elementor-widget-button" data-id="3b410428" data-element_type="widget" data-widget_type="button.default">
				<div class="elementor-widget-container">
					<div class="elementor-button-wrapper">
			<a href="https://vinumnobile.com/wp-content/uploads/2020/12/VinasDelJaroGamaSuperior-ficha-01-Jaros.pdf" target="_blank" class="elementor-button-link elementor-button elementor-size-sm" role="button">
						<span class="elementor-button-content-wrapper">
						<span class="elementor-button-text">DESCARGAR FICHA PDF</span>
		</span>
					</a>
		</div>
				</div>
				</div>
						</div>
					</div>
		</div>
								</div>
					</div>
		</section>
						</div>
						</div>
					</div>

<p>D.O. Ribera del Duero VIÑAS DEL JARO Jaros VARIEDADES DE UVA: Tempranillo: 100%GRADO ALCOHÓLICO: 14,° LOCALIZACIÓN: Finca El Quiñón. Pesquera de Duero.FERMENTACIÓN: Durante 12 días a temperatura de 26° C. TIEMPO DE MACERACIÓN POST-FERMENTATIVA: 14 días con sus hollejos.CRIANZA: 17 meses en barricas nuevas y de un año de roble francés de 300 litros.CATA: En [&hellip;]</p>
