{"id":1910,"date":"2020-12-14T10:31:37","date_gmt":"2020-12-14T10:31:37","guid":{"rendered":"https:\/\/vinumnobile.com\/?page_id=1910"},"modified":"2020-12-14T12:15:31","modified_gmt":"2020-12-14T12:15:31","slug":"sed-de-cana","status":"publish","type":"page","link":"https:\/\/vinumnobile.com\/index.php\/d-o-ribera-del-duero\/vinas-del-jaro\/sed-de-cana\/","title":{"rendered":"sed-de-cana"},"content":{"rendered":"\t\t<div data-elementor-type=\"wp-page\" data-elementor-id=\"1910\" class=\"elementor elementor-1910\" data-elementor-settings=\"[]\">\n\t\t\t\t\t\t<div class=\"elementor-inner\">\n\t\t\t\t\t\t\t<div class=\"elementor-section-wrap\">\n\t\t\t\t\t\t\t<section class=\"elementor-section elementor-top-section elementor-element elementor-element-6b9a4168 elementor-section-height-full elementor-section-items-top elementor-section-boxed elementor-section-height-default\" data-id=\"6b9a4168\" data-element_type=\"section\">\n\t\t\t\t\t\t<div class=\"elementor-container elementor-column-gap-default\">\n\t\t\t\t\t\t\t<div class=\"elementor-row\">\n\t\t\t\t\t<div class=\"elementor-column elementor-col-33 elementor-top-column elementor-element elementor-element-6b294a4b\" data-id=\"6b294a4b\" data-element_type=\"column\">\n\t\t\t<div class=\"elementor-column-wrap elementor-element-populated\">\n\t\t\t\t\t\t\t<div class=\"elementor-widget-wrap\">\n\t\t\t\t\t\t<div class=\"elementor-element elementor-element-f962e7c elementor-widget elementor-widget-heading\" data-id=\"f962e7c\" data-element_type=\"widget\" data-widget_type=\"heading.default\">\n\t\t\t\t<div class=\"elementor-widget-container\">\n\t\t\t<h1 class=\"elementor-heading-title elementor-size-default\">D.O. Ribera del Duero<\/h1>\t\t<\/div>\n\t\t\t\t<\/div>\n\t\t\t\t<div class=\"elementor-element elementor-element-17a5800d elementor-widget-divider--view-line elementor-widget elementor-widget-divider\" data-id=\"17a5800d\" data-element_type=\"widget\" data-widget_type=\"divider.default\">\n\t\t\t\t<div class=\"elementor-widget-container\">\n\t\t\t\t\t<div class=\"elementor-divider\">\n\t\t\t<span class=\"elementor-divider-separator\">\n\t\t\t\t\t\t<\/span>\n\t\t<\/div>\n\t\t\t\t<\/div>\n\t\t\t\t<\/div>\n\t\t\t\t<div class=\"elementor-element elementor-element-60be9f99 elementor-widget elementor-widget-heading\" data-id=\"60be9f99\" data-element_type=\"widget\" data-widget_type=\"heading.default\">\n\t\t\t\t<div class=\"elementor-widget-container\">\n\t\t\t<h2 class=\"elementor-heading-title elementor-size-default\">VI\u00d1AS DEL JARO<\/h2>\t\t<\/div>\n\t\t\t\t<\/div>\n\t\t\t\t<div class=\"elementor-element elementor-element-3c646924 elementor-widget elementor-widget-heading\" data-id=\"3c646924\" data-element_type=\"widget\" data-widget_type=\"heading.default\">\n\t\t\t\t<div class=\"elementor-widget-container\">\n\t\t\t<h3 class=\"elementor-heading-title elementor-size-default\">Sed de Can\u00e1<\/h3>\t\t<\/div>\n\t\t\t\t<\/div>\n\t\t\t\t<div class=\"elementor-element elementor-element-512020fc elementor-widget elementor-widget-text-editor\" data-id=\"512020fc\" data-element_type=\"widget\" data-widget_type=\"text-editor.default\">\n\t\t\t\t<div class=\"elementor-widget-container\">\n\t\t\t\t\t\t\t\t<div class=\"elementor-text-editor elementor-clearfix\">\n\t\t\t\t\t<strong>VARIEDADES DE UVA:<br\/><\/strong>\nTempranillo: 100%\t\t\t\t\t<\/div>\n\t\t\t\t\t\t<\/div>\n\t\t\t\t<\/div>\n\t\t\t\t<div class=\"elementor-element elementor-element-638e65fc elementor-widget elementor-widget-text-editor\" data-id=\"638e65fc\" data-element_type=\"widget\" data-widget_type=\"text-editor.default\">\n\t\t\t\t<div class=\"elementor-widget-container\">\n\t\t\t\t\t\t\t\t<div class=\"elementor-text-editor elementor-clearfix\">\n\t\t\t\t\t<strong>LOCALIZACI\u00d3N:<br\/><\/strong>\nFinca El Qui\u00f1\u00f3n. Pesquera de Duero.\t\t\t\t\t<\/div>\n\t\t\t\t\t\t<\/div>\n\t\t\t\t<\/div>\n\t\t\t\t<div class=\"elementor-element elementor-element-20c8b8d2 elementor-widget elementor-widget-text-editor\" data-id=\"20c8b8d2\" data-element_type=\"widget\" data-widget_type=\"text-editor.default\">\n\t\t\t\t<div class=\"elementor-widget-container\">\n\t\t\t\t\t\t\t\t<div class=\"elementor-text-editor elementor-clearfix\">\n\t\t\t\t\t<strong>ELABORACI\u00d3N:<br\/>\n<\/strong>\nAlgunos vinos de determinados sectores de nuestros vi\u00f1edos m\u00e1s\nviejos del Pago de Chafandin, a lo largo del proceso de crianza, en\ndeterminadas a\u00f1adas, trasladan m\u00e1s elegancia y personalidad en las\nsucesivas catas, existe como un \u201cGolpe de Coraz\u00f3n\u201c. Esas barricas,\nson seleccionadas en los seis primeros meses tras cada vendimia y\nseparadas, para hacerles un seguimiento personalizado. El a\u00f1o que\nse produce este acontecimiento se embotella bajo la marca Sed de\nCan\u00e1 y da origen al vino m\u00e1s emblem\u00e1tico de la bodega.\t\t\t\t\t<\/div>\n\t\t\t\t\t\t<\/div>\n\t\t\t\t<\/div>\n\t\t\t\t\t\t<\/div>\n\t\t\t\t\t<\/div>\n\t\t<\/div>\n\t\t\t\t<div class=\"elementor-column elementor-col-33 elementor-top-column elementor-element elementor-element-8392e8f\" data-id=\"8392e8f\" data-element_type=\"column\">\n\t\t\t<div class=\"elementor-column-wrap elementor-element-populated\">\n\t\t\t\t\t\t\t<div class=\"elementor-widget-wrap\">\n\t\t\t\t\t\t<div class=\"elementor-element elementor-element-feb2b3f elementor-widget elementor-widget-image\" data-id=\"feb2b3f\" data-element_type=\"widget\" data-widget_type=\"image.default\">\n\t\t\t\t<div class=\"elementor-widget-container\">\n\t\t\t\t\t\t\t\t<div class=\"elementor-image\">\n\t\t\t\t\t\t\t\t\t\t\t\t<img loading=\"lazy\" decoding=\"async\" width=\"157\" height=\"580\" src=\"https:\/\/vinumnobile.com\/wp-content\/uploads\/2020\/12\/VinasDelJaroGamaSuperior-botella-04b-SedDeCana.png\" class=\"attachment-full size-full\" alt=\"\" \/>\t\t\t\t\t\t\t\t\t\t\t\t\t\t<\/div>\n\t\t\t\t\t\t<\/div>\n\t\t\t\t<\/div>\n\t\t\t\t\t\t<\/div>\n\t\t\t\t\t<\/div>\n\t\t<\/div>\n\t\t\t\t<div class=\"elementor-column elementor-col-33 elementor-top-column elementor-element elementor-element-361b80\" data-id=\"361b80\" data-element_type=\"column\">\n\t\t\t<div class=\"elementor-column-wrap elementor-element-populated\">\n\t\t\t\t\t\t\t<div class=\"elementor-widget-wrap\">\n\t\t\t\t\t\t<div class=\"elementor-element elementor-element-528a4715 elementor-widget elementor-widget-text-editor\" data-id=\"528a4715\" data-element_type=\"widget\" data-widget_type=\"text-editor.default\">\n\t\t\t\t<div class=\"elementor-widget-container\">\n\t\t\t\t\t\t\t\t<div class=\"elementor-text-editor elementor-clearfix\">\n\t\t\t\t\t<strong>CRIANZA:<\/strong><br\/>\nMalol\u00e1ctica en barricas de roble franc\u00e9s de 300 litros y crianza de 21\nmeses en barricas nuevas de roble franc\u00e9s de 300 litros.\t\t\t\t\t<\/div>\n\t\t\t\t\t\t<\/div>\n\t\t\t\t<\/div>\n\t\t\t\t<div class=\"elementor-element elementor-element-4ab55adf elementor-widget elementor-widget-text-editor\" data-id=\"4ab55adf\" data-element_type=\"widget\" data-widget_type=\"text-editor.default\">\n\t\t\t\t<div class=\"elementor-widget-container\">\n\t\t\t\t\t\t\t\t<div class=\"elementor-text-editor elementor-clearfix\">\n\t\t\t\t\t<strong>CATA:<\/strong><br\/>\nAromas frutales y florales (violetas) sobre matices elegantes,\nminerales, bals\u00e1micos y especiados. Boca amplia, jugosa y con\nvolumen, pero a la vez con un fino recorrido lleno de expresi\u00f3n y\nequilibrio. Final muy duradero y emocionante.\t\t\t\t\t<\/div>\n\t\t\t\t\t\t<\/div>\n\t\t\t\t<\/div>\n\t\t\t\t<div class=\"elementor-element elementor-element-44c93de6 elementor-align-center elementor-widget elementor-widget-button\" data-id=\"44c93de6\" data-element_type=\"widget\" data-widget_type=\"button.default\">\n\t\t\t\t<div class=\"elementor-widget-container\">\n\t\t\t\t\t<div class=\"elementor-button-wrapper\">\n\t\t\t<a href=\"https:\/\/vinumnobile.com\/wp-content\/uploads\/2020\/12\/VinasDelJaroGamaSuperior-ficha-04-SedDeCana.pdf\" target=\"_blank\" class=\"elementor-button-link elementor-button elementor-size-sm\" role=\"button\">\n\t\t\t\t\t\t<span class=\"elementor-button-content-wrapper\">\n\t\t\t\t\t\t<span class=\"elementor-button-text\">DESCARGAR FICHA PDF<\/span>\n\t\t<\/span>\n\t\t\t\t\t<\/a>\n\t\t<\/div>\n\t\t\t\t<\/div>\n\t\t\t\t<\/div>\n\t\t\t\t\t\t<\/div>\n\t\t\t\t\t<\/div>\n\t\t<\/div>\n\t\t\t\t\t\t\t\t<\/div>\n\t\t\t\t\t<\/div>\n\t\t<\/section>\n\t\t\t\t\t\t<\/div>\n\t\t\t\t\t\t<\/div>\n\t\t\t\t\t<\/div>\n\t\t","protected":false},"excerpt":{"rendered":"<p>D.O. Ribera del Duero VI\u00d1AS DEL JARO Sed de Can\u00e1 VARIEDADES DE UVA: Tempranillo: 100%LOCALIZACI\u00d3N: Finca El Qui\u00f1\u00f3n. Pesquera de Duero.ELABORACI\u00d3N: Algunos vinos de determinados sectores de nuestros vi\u00f1edos m\u00e1s viejos del Pago de Chafandin, a lo largo del proceso de crianza, en determinadas a\u00f1adas, trasladan m\u00e1s elegancia y personalidad en las sucesivas catas, existe [&hellip;]<\/p>\n","protected":false},"author":1,"featured_media":0,"parent":1894,"menu_order":0,"comment_status":"closed","ping_status":"closed","template":"elementor_header_footer","meta":{"footnotes":""},"class_list":["post-1910","page","type-page","status-publish","hentry"],"_links":{"self":[{"href":"https:\/\/vinumnobile.com\/index.php\/wp-json\/wp\/v2\/pages\/1910","targetHints":{"allow":["GET"]}}],"collection":[{"href":"https:\/\/vinumnobile.com\/index.php\/wp-json\/wp\/v2\/pages"}],"about":[{"href":"https:\/\/vinumnobile.com\/index.php\/wp-json\/wp\/v2\/types\/page"}],"author":[{"embeddable":true,"href":"https:\/\/vinumnobile.com\/index.php\/wp-json\/wp\/v2\/users\/1"}],"replies":[{"embeddable":true,"href":"https:\/\/vinumnobile.com\/index.php\/wp-json\/wp\/v2\/comments?post=1910"}],"version-history":[{"count":7,"href":"https:\/\/vinumnobile.com\/index.php\/wp-json\/wp\/v2\/pages\/1910\/revisions"}],"predecessor-version":[{"id":1967,"href":"https:\/\/vinumnobile.com\/index.php\/wp-json\/wp\/v2\/pages\/1910\/revisions\/1967"}],"up":[{"embeddable":true,"href":"https:\/\/vinumnobile.com\/index.php\/wp-json\/wp\/v2\/pages\/1894"}],"wp:attachment":[{"href":"https:\/\/vinumnobile.com\/index.php\/wp-json\/wp\/v2\/media?parent=1910"}],"curies":[{"name":"wp","href":"https:\/\/api.w.org\/{rel}","templated":true}]}}

<div data-elementor-type="wp-page" data-elementor-id="1910" class="elementor elementor-1910" data-elementor-settings="[]">
						<div class="elementor-inner">
							<div class="elementor-section-wrap">
							<section class="elementor-section elementor-top-section elementor-element elementor-element-6b9a4168 elementor-section-height-full elementor-section-items-top elementor-section-boxed elementor-section-height-default" data-id="6b9a4168" data-element_type="section">
						<div class="elementor-container elementor-column-gap-default">
							<div class="elementor-row">
					<div class="elementor-column elementor-col-33 elementor-top-column elementor-element elementor-element-6b294a4b" data-id="6b294a4b" data-element_type="column">
			<div class="elementor-column-wrap elementor-element-populated">
							<div class="elementor-widget-wrap">
						<div class="elementor-element elementor-element-f962e7c elementor-widget elementor-widget-heading" data-id="f962e7c" data-element_type="widget" data-widget_type="heading.default">
				<div class="elementor-widget-container">
			<h1 class="elementor-heading-title elementor-size-default">D.O. Ribera del Duero</h1>		</div>
				</div>
				<div class="elementor-element elementor-element-17a5800d elementor-widget-divider--view-line elementor-widget elementor-widget-divider" data-id="17a5800d" data-element_type="widget" data-widget_type="divider.default">
				<div class="elementor-widget-container">
					<div class="elementor-divider">
			<span class="elementor-divider-separator">
						</span>
		</div>
				</div>
				</div>
				<div class="elementor-element elementor-element-60be9f99 elementor-widget elementor-widget-heading" data-id="60be9f99" data-element_type="widget" data-widget_type="heading.default">
				<div class="elementor-widget-container">
			<h2 class="elementor-heading-title elementor-size-default">VIÑAS DEL JARO</h2>		</div>
				</div>
				<div class="elementor-element elementor-element-3c646924 elementor-widget elementor-widget-heading" data-id="3c646924" data-element_type="widget" data-widget_type="heading.default">
				<div class="elementor-widget-container">
			<h3 class="elementor-heading-title elementor-size-default">Sed de Caná</h3>		</div>
				</div>
				<div class="elementor-element elementor-element-512020fc elementor-widget elementor-widget-text-editor" data-id="512020fc" data-element_type="widget" data-widget_type="text-editor.default">
				<div class="elementor-widget-container">
								<div class="elementor-text-editor elementor-clearfix">
					<strong>VARIEDADES DE UVA:<br/></strong>
Tempranillo: 100%					</div>
						</div>
				</div>
				<div class="elementor-element elementor-element-638e65fc elementor-widget elementor-widget-text-editor" data-id="638e65fc" data-element_type="widget" data-widget_type="text-editor.default">
				<div class="elementor-widget-container">
								<div class="elementor-text-editor elementor-clearfix">
					<strong>LOCALIZACIÓN:<br/></strong>
Finca El Quiñón. Pesquera de Duero.					</div>
						</div>
				</div>
				<div class="elementor-element elementor-element-20c8b8d2 elementor-widget elementor-widget-text-editor" data-id="20c8b8d2" data-element_type="widget" data-widget_type="text-editor.default">
				<div class="elementor-widget-container">
								<div class="elementor-text-editor elementor-clearfix">
					<strong>ELABORACIÓN:<br/>
</strong>
Algunos vinos de determinados sectores de nuestros viñedos más
viejos del Pago de Chafandin, a lo largo del proceso de crianza, en
determinadas añadas, trasladan más elegancia y personalidad en las
sucesivas catas, existe como un “Golpe de Corazón“. Esas barricas,
son seleccionadas en los seis primeros meses tras cada vendimia y
separadas, para hacerles un seguimiento personalizado. El año que
se produce este acontecimiento se embotella bajo la marca Sed de
Caná y da origen al vino más emblemático de la bodega.					</div>
						</div>
				</div>
						</div>
					</div>
		</div>
				<div class="elementor-column elementor-col-33 elementor-top-column elementor-element elementor-element-8392e8f" data-id="8392e8f" data-element_type="column">
			<div class="elementor-column-wrap elementor-element-populated">
							<div class="elementor-widget-wrap">
						<div class="elementor-element elementor-element-feb2b3f elementor-widget elementor-widget-image" data-id="feb2b3f" data-element_type="widget" data-widget_type="image.default">
				<div class="elementor-widget-container">
								<div class="elementor-image">
												<img loading="lazy" decoding="async" width="157" height="580" src="https://vinumnobile.com/wp-content/uploads/2020/12/VinasDelJaroGamaSuperior-botella-04b-SedDeCana.png" class="attachment-full size-full" alt="" />														</div>
						</div>
				</div>
						</div>
					</div>
		</div>
				<div class="elementor-column elementor-col-33 elementor-top-column elementor-element elementor-element-361b80" data-id="361b80" data-element_type="column">
			<div class="elementor-column-wrap elementor-element-populated">
							<div class="elementor-widget-wrap">
						<div class="elementor-element elementor-element-528a4715 elementor-widget elementor-widget-text-editor" data-id="528a4715" data-element_type="widget" data-widget_type="text-editor.default">
				<div class="elementor-widget-container">
								<div class="elementor-text-editor elementor-clearfix">
					<strong>CRIANZA:</strong><br/>
Maloláctica en barricas de roble francés de 300 litros y crianza de 21
meses en barricas nuevas de roble francés de 300 litros.					</div>
						</div>
				</div>
				<div class="elementor-element elementor-element-4ab55adf elementor-widget elementor-widget-text-editor" data-id="4ab55adf" data-element_type="widget" data-widget_type="text-editor.default">
				<div class="elementor-widget-container">
								<div class="elementor-text-editor elementor-clearfix">
					<strong>CATA:</strong><br/>
Aromas frutales y florales (violetas) sobre matices elegantes,
minerales, balsámicos y especiados. Boca amplia, jugosa y con
volumen, pero a la vez con un fino recorrido lleno de expresión y
equilibrio. Final muy duradero y emocionante.					</div>
						</div>
				</div>
				<div class="elementor-element elementor-element-44c93de6 elementor-align-center elementor-widget elementor-widget-button" data-id="44c93de6" data-element_type="widget" data-widget_type="button.default">
				<div class="elementor-widget-container">
					<div class="elementor-button-wrapper">
			<a href="https://vinumnobile.com/wp-content/uploads/2020/12/VinasDelJaroGamaSuperior-ficha-04-SedDeCana.pdf" target="_blank" class="elementor-button-link elementor-button elementor-size-sm" role="button">
						<span class="elementor-button-content-wrapper">
						<span class="elementor-button-text">DESCARGAR FICHA PDF</span>
		</span>
					</a>
		</div>
				</div>
				</div>
						</div>
					</div>
		</div>
								</div>
					</div>
		</section>
						</div>
						</div>
					</div>

<p>D.O. Ribera del Duero VIÑAS DEL JARO Sed de Caná VARIEDADES DE UVA: Tempranillo: 100%LOCALIZACIÓN: Finca El Quiñón. Pesquera de Duero.ELABORACIÓN: Algunos vinos de determinados sectores de nuestros viñedos más viejos del Pago de Chafandin, a lo largo del proceso de crianza, en determinadas añadas, trasladan más elegancia y personalidad en las sucesivas catas, existe [&hellip;]</p>
