{"id":1906,"date":"2020-12-14T10:31:12","date_gmt":"2020-12-14T10:31:12","guid":{"rendered":"https:\/\/vinumnobile.com\/?page_id=1906"},"modified":"2023-03-15T17:51:12","modified_gmt":"2023-03-15T17:51:12","slug":"jaros-reserva-familia","status":"publish","type":"page","link":"https:\/\/vinumnobile.com\/index.php\/d-o-ribera-del-duero\/vinas-del-jaro\/jaros-reserva-familia\/","title":{"rendered":"jaros-reserva-familia"},"content":{"rendered":"\t\t<div data-elementor-type=\"wp-page\" data-elementor-id=\"1906\" class=\"elementor elementor-1906\" data-elementor-settings=\"[]\">\n\t\t\t\t\t\t<div class=\"elementor-inner\">\n\t\t\t\t\t\t\t<div class=\"elementor-section-wrap\">\n\t\t\t\t\t\t\t<section class=\"elementor-section elementor-top-section elementor-element elementor-element-4321b346 elementor-section-height-full elementor-section-items-top elementor-section-boxed elementor-section-height-default\" data-id=\"4321b346\" data-element_type=\"section\">\n\t\t\t\t\t\t<div class=\"elementor-container elementor-column-gap-default\">\n\t\t\t\t\t\t\t<div class=\"elementor-row\">\n\t\t\t\t\t<div class=\"elementor-column elementor-col-33 elementor-top-column elementor-element elementor-element-501f9e3d\" data-id=\"501f9e3d\" data-element_type=\"column\">\n\t\t\t<div class=\"elementor-column-wrap elementor-element-populated\">\n\t\t\t\t\t\t\t<div class=\"elementor-widget-wrap\">\n\t\t\t\t\t\t<div class=\"elementor-element elementor-element-754c214 elementor-widget elementor-widget-heading\" data-id=\"754c214\" data-element_type=\"widget\" data-widget_type=\"heading.default\">\n\t\t\t\t<div class=\"elementor-widget-container\">\n\t\t\t<h1 class=\"elementor-heading-title elementor-size-default\">D.O. Ribera\ndel Duero<\/h1>\t\t<\/div>\n\t\t\t\t<\/div>\n\t\t\t\t<div class=\"elementor-element elementor-element-5f3e19f9 elementor-widget-divider--view-line elementor-widget elementor-widget-divider\" data-id=\"5f3e19f9\" data-element_type=\"widget\" data-widget_type=\"divider.default\">\n\t\t\t\t<div class=\"elementor-widget-container\">\n\t\t\t\t\t<div class=\"elementor-divider\">\n\t\t\t<span class=\"elementor-divider-separator\">\n\t\t\t\t\t\t<\/span>\n\t\t<\/div>\n\t\t\t\t<\/div>\n\t\t\t\t<\/div>\n\t\t\t\t<div class=\"elementor-element elementor-element-2dbb3ff2 elementor-widget elementor-widget-heading\" data-id=\"2dbb3ff2\" data-element_type=\"widget\" data-widget_type=\"heading.default\">\n\t\t\t\t<div class=\"elementor-widget-container\">\n\t\t\t<h2 class=\"elementor-heading-title elementor-size-default\">VI\u00d1AS DEL JARO<\/h2>\t\t<\/div>\n\t\t\t\t<\/div>\n\t\t\t\t<div class=\"elementor-element elementor-element-4f1bad8d elementor-widget elementor-widget-heading\" data-id=\"4f1bad8d\" data-element_type=\"widget\" data-widget_type=\"heading.default\">\n\t\t\t\t<div class=\"elementor-widget-container\">\n\t\t\t<h3 class=\"elementor-heading-title elementor-size-default\">Jaros Roble<\/h3>\t\t<\/div>\n\t\t\t\t<\/div>\n\t\t\t\t<div class=\"elementor-element elementor-element-680bb875 elementor-widget elementor-widget-text-editor\" data-id=\"680bb875\" data-element_type=\"widget\" data-widget_type=\"text-editor.default\">\n\t\t\t\t<div class=\"elementor-widget-container\">\n\t\t\t\t\t\t\t\t<div class=\"elementor-text-editor elementor-clearfix\">\n\t\t\t\t\t<p><strong>VARIEDADES DE UVA:<\/strong><br \/>Tempranillo 100%.<\/p>\t\t\t\t\t<\/div>\n\t\t\t\t\t\t<\/div>\n\t\t\t\t<\/div>\n\t\t\t\t<div class=\"elementor-element elementor-element-2a103aa1 elementor-widget elementor-widget-text-editor\" data-id=\"2a103aa1\" data-element_type=\"widget\" data-widget_type=\"text-editor.default\">\n\t\t\t\t<div class=\"elementor-widget-container\">\n\t\t\t\t\t\t\t\t<div class=\"elementor-text-editor elementor-clearfix\">\n\t\t\t\t\t<p class=\"p2\"><span class=\"s3\"><b>LA BODEGA<\/b><\/span><strong>:<\/strong><br \/>A un kil\u00f3metro del r\u00edo Duero se sit\u00faa nuestra bodega y finca Vi\u00f1as del Jaro, donde elaboramos 5 vinos diferentes. El vi\u00f1edo ocupa una superficie de 46 ha. dividido en 28 sectores, atendiendo a las variedades, suelos, orientaci\u00f3n y altura. La finca est\u00e1 en el t\u00e9rmino de Pesquera de Duero, rodeada de encinas y monte bajo.<\/p>\t\t\t\t\t<\/div>\n\t\t\t\t\t\t<\/div>\n\t\t\t\t<\/div>\n\t\t\t\t\t\t<\/div>\n\t\t\t\t\t<\/div>\n\t\t<\/div>\n\t\t\t\t<div class=\"elementor-column elementor-col-33 elementor-top-column elementor-element elementor-element-3dc3bd18\" data-id=\"3dc3bd18\" data-element_type=\"column\">\n\t\t\t<div class=\"elementor-column-wrap elementor-element-populated\">\n\t\t\t\t\t\t\t<div class=\"elementor-widget-wrap\">\n\t\t\t\t\t\t<div class=\"elementor-element elementor-element-21bcc73 elementor-widget elementor-widget-image\" data-id=\"21bcc73\" data-element_type=\"widget\" data-widget_type=\"image.default\">\n\t\t\t\t<div class=\"elementor-widget-container\">\n\t\t\t\t\t\t\t\t<div class=\"elementor-image\">\n\t\t\t\t\t\t\t\t\t\t\t\t<img loading=\"lazy\" decoding=\"async\" width=\"142\" height=\"580\" src=\"https:\/\/vinumnobile.com\/wp-content\/uploads\/2023\/03\/VinasDelJaroGamaSuperior-botella-01bisb-JarosRoble.png\" class=\"attachment-full size-full\" alt=\"\" \/>\t\t\t\t\t\t\t\t\t\t\t\t\t\t<\/div>\n\t\t\t\t\t\t<\/div>\n\t\t\t\t<\/div>\n\t\t\t\t\t\t<\/div>\n\t\t\t\t\t<\/div>\n\t\t<\/div>\n\t\t\t\t<div class=\"elementor-column elementor-col-33 elementor-top-column elementor-element elementor-element-6653668d\" data-id=\"6653668d\" data-element_type=\"column\">\n\t\t\t<div class=\"elementor-column-wrap elementor-element-populated\">\n\t\t\t\t\t\t\t<div class=\"elementor-widget-wrap\">\n\t\t\t\t\t\t<div class=\"elementor-element elementor-element-461ceffd elementor-widget elementor-widget-text-editor\" data-id=\"461ceffd\" data-element_type=\"widget\" data-widget_type=\"text-editor.default\">\n\t\t\t\t<div class=\"elementor-widget-container\">\n\t\t\t\t\t\t\t\t<div class=\"elementor-text-editor elementor-clearfix\">\n\t\t\t\t\t<p class=\"p2\"><span class=\"s2\"><b><span class=\"Apple-converted-space\">EL <\/span><\/b><\/span><span class=\"s3\"><b>VI\u00d1EDO<\/b><\/span><strong>:<\/strong><br \/>Las vi\u00f1as de Jaros Roble est\u00e1n en la parte m\u00e1s baja de la propiedad. Protegido al norte por una colina y mirando al r\u00edo Duero por el sur. Suelo arenoso, con algunas arcillas y con contenido en piedras calizas. Cepas de 22 a\u00f1os de edad. Plantaci\u00f3n en espaldera y 100% de la variedad Tempranillo\/Tinto Fino.<\/p>\t\t\t\t\t<\/div>\n\t\t\t\t\t\t<\/div>\n\t\t\t\t<\/div>\n\t\t\t\t<div class=\"elementor-element elementor-element-eb1db69 elementor-widget elementor-widget-text-editor\" data-id=\"eb1db69\" data-element_type=\"widget\" data-widget_type=\"text-editor.default\">\n\t\t\t\t<div class=\"elementor-widget-container\">\n\t\t\t\t\t\t\t\t<div class=\"elementor-text-editor elementor-clearfix\">\n\t\t\t\t\t<p class=\"p2\"><span class=\"s3\"><b>EL VINO<\/b><\/span><strong>:<\/strong><br \/>Monovarietal de Tinto Fino (Tempranillo). Fermentaci\u00f3n en acero inoxidable y maceraci\u00f3n de 17 d\u00edas con sus hollejos. Crianza m\u00ednima de 4 meses en barricas de 300 litros de roble franc\u00e9s y americano.<\/p>\t\t\t\t\t<\/div>\n\t\t\t\t\t\t<\/div>\n\t\t\t\t<\/div>\n\t\t\t\t<div class=\"elementor-element elementor-element-723538e elementor-widget elementor-widget-text-editor\" data-id=\"723538e\" data-element_type=\"widget\" data-widget_type=\"text-editor.default\">\n\t\t\t\t<div class=\"elementor-widget-container\">\n\t\t\t\t\t\t\t\t<div class=\"elementor-text-editor elementor-clearfix\">\n\t\t\t\t\t<p class=\"p2\"><span class=\"s3\"><b>NOTA DE CATA<\/b><\/span><strong>:<\/strong><br \/>Es un vino con mucha fruta, jovial en boca, con suaves notas tostadas y taninos dulces de su breve paso por barrica, fresco y agradable. Capacidad de guarda de 5 a\u00f1os.<\/p>\t\t\t\t\t<\/div>\n\t\t\t\t\t\t<\/div>\n\t\t\t\t<\/div>\n\t\t\t\t<div class=\"elementor-element elementor-element-68559b0b elementor-align-center elementor-widget elementor-widget-button\" data-id=\"68559b0b\" data-element_type=\"widget\" data-widget_type=\"button.default\">\n\t\t\t\t<div class=\"elementor-widget-container\">\n\t\t\t\t\t<div class=\"elementor-button-wrapper\">\n\t\t\t<a href=\"https:\/\/vinumnobile.com\/wp-content\/uploads\/2023\/03\/VinasDelJaroGamaSuperior-ficha-01bis-JarosRoble.pdf\" target=\"_blank\" class=\"elementor-button-link elementor-button elementor-size-sm\" role=\"button\">\n\t\t\t\t\t\t<span class=\"elementor-button-content-wrapper\">\n\t\t\t\t\t\t<span class=\"elementor-button-text\">DESCARGAR FICHA PDF<\/span>\n\t\t<\/span>\n\t\t\t\t\t<\/a>\n\t\t<\/div>\n\t\t\t\t<\/div>\n\t\t\t\t<\/div>\n\t\t\t\t\t\t<\/div>\n\t\t\t\t\t<\/div>\n\t\t<\/div>\n\t\t\t\t\t\t\t\t<\/div>\n\t\t\t\t\t<\/div>\n\t\t<\/section>\n\t\t\t\t\t\t<\/div>\n\t\t\t\t\t\t<\/div>\n\t\t\t\t\t<\/div>\n\t\t","protected":false},"excerpt":{"rendered":"<p>D.O. Ribera del Duero VI\u00d1AS DEL JARO Jaros Roble VARIEDADES DE UVA:Tempranillo 100%. LA BODEGA:A un kil\u00f3metro del r\u00edo Duero se sit\u00faa nuestra bodega y finca Vi\u00f1as del Jaro, donde elaboramos 5 vinos diferentes. El vi\u00f1edo ocupa una superficie de 46 ha. dividido en 28 sectores, atendiendo a las variedades, suelos, orientaci\u00f3n y altura. La [&hellip;]<\/p>\n","protected":false},"author":1,"featured_media":0,"parent":1894,"menu_order":0,"comment_status":"closed","ping_status":"closed","template":"elementor_header_footer","meta":{"footnotes":""},"class_list":["post-1906","page","type-page","status-publish","hentry"],"_links":{"self":[{"href":"https:\/\/vinumnobile.com\/index.php\/wp-json\/wp\/v2\/pages\/1906","targetHints":{"allow":["GET"]}}],"collection":[{"href":"https:\/\/vinumnobile.com\/index.php\/wp-json\/wp\/v2\/pages"}],"about":[{"href":"https:\/\/vinumnobile.com\/index.php\/wp-json\/wp\/v2\/types\/page"}],"author":[{"embeddable":true,"href":"https:\/\/vinumnobile.com\/index.php\/wp-json\/wp\/v2\/users\/1"}],"replies":[{"embeddable":true,"href":"https:\/\/vinumnobile.com\/index.php\/wp-json\/wp\/v2\/comments?post=1906"}],"version-history":[{"count":13,"href":"https:\/\/vinumnobile.com\/index.php\/wp-json\/wp\/v2\/pages\/1906\/revisions"}],"predecessor-version":[{"id":5109,"href":"https:\/\/vinumnobile.com\/index.php\/wp-json\/wp\/v2\/pages\/1906\/revisions\/5109"}],"up":[{"embeddable":true,"href":"https:\/\/vinumnobile.com\/index.php\/wp-json\/wp\/v2\/pages\/1894"}],"wp:attachment":[{"href":"https:\/\/vinumnobile.com\/index.php\/wp-json\/wp\/v2\/media?parent=1906"}],"curies":[{"name":"wp","href":"https:\/\/api.w.org\/{rel}","templated":true}]}}

<div data-elementor-type="wp-page" data-elementor-id="1906" class="elementor elementor-1906" data-elementor-settings="[]">
						<div class="elementor-inner">
							<div class="elementor-section-wrap">
							<section class="elementor-section elementor-top-section elementor-element elementor-element-4321b346 elementor-section-height-full elementor-section-items-top elementor-section-boxed elementor-section-height-default" data-id="4321b346" data-element_type="section">
						<div class="elementor-container elementor-column-gap-default">
							<div class="elementor-row">
					<div class="elementor-column elementor-col-33 elementor-top-column elementor-element elementor-element-501f9e3d" data-id="501f9e3d" data-element_type="column">
			<div class="elementor-column-wrap elementor-element-populated">
							<div class="elementor-widget-wrap">
						<div class="elementor-element elementor-element-754c214 elementor-widget elementor-widget-heading" data-id="754c214" data-element_type="widget" data-widget_type="heading.default">
				<div class="elementor-widget-container">
			<h1 class="elementor-heading-title elementor-size-default">D.O. Ribera
del Duero</h1>		</div>
				</div>
				<div class="elementor-element elementor-element-5f3e19f9 elementor-widget-divider--view-line elementor-widget elementor-widget-divider" data-id="5f3e19f9" data-element_type="widget" data-widget_type="divider.default">
				<div class="elementor-widget-container">
					<div class="elementor-divider">
			<span class="elementor-divider-separator">
						</span>
		</div>
				</div>
				</div>
				<div class="elementor-element elementor-element-2dbb3ff2 elementor-widget elementor-widget-heading" data-id="2dbb3ff2" data-element_type="widget" data-widget_type="heading.default">
				<div class="elementor-widget-container">
			<h2 class="elementor-heading-title elementor-size-default">VIÑAS DEL JARO</h2>		</div>
				</div>
				<div class="elementor-element elementor-element-4f1bad8d elementor-widget elementor-widget-heading" data-id="4f1bad8d" data-element_type="widget" data-widget_type="heading.default">
				<div class="elementor-widget-container">
			<h3 class="elementor-heading-title elementor-size-default">Jaros Roble</h3>		</div>
				</div>
				<div class="elementor-element elementor-element-680bb875 elementor-widget elementor-widget-text-editor" data-id="680bb875" data-element_type="widget" data-widget_type="text-editor.default">
				<div class="elementor-widget-container">
								<div class="elementor-text-editor elementor-clearfix">
					<p><strong>VARIEDADES DE UVA:</strong><br />Tempranillo 100%.</p>					</div>
						</div>
				</div>
				<div class="elementor-element elementor-element-2a103aa1 elementor-widget elementor-widget-text-editor" data-id="2a103aa1" data-element_type="widget" data-widget_type="text-editor.default">
				<div class="elementor-widget-container">
								<div class="elementor-text-editor elementor-clearfix">
					<p class="p2"><span class="s3"><b>LA BODEGA</b></span><strong>:</strong><br />A un kilómetro del río Duero se sitúa nuestra bodega y finca Viñas del Jaro, donde elaboramos 5 vinos diferentes. El viñedo ocupa una superficie de 46 ha. dividido en 28 sectores, atendiendo a las variedades, suelos, orientación y altura. La finca está en el término de Pesquera de Duero, rodeada de encinas y monte bajo.</p>					</div>
						</div>
				</div>
						</div>
					</div>
		</div>
				<div class="elementor-column elementor-col-33 elementor-top-column elementor-element elementor-element-3dc3bd18" data-id="3dc3bd18" data-element_type="column">
			<div class="elementor-column-wrap elementor-element-populated">
							<div class="elementor-widget-wrap">
						<div class="elementor-element elementor-element-21bcc73 elementor-widget elementor-widget-image" data-id="21bcc73" data-element_type="widget" data-widget_type="image.default">
				<div class="elementor-widget-container">
								<div class="elementor-image">
												<img loading="lazy" decoding="async" width="142" height="580" src="https://vinumnobile.com/wp-content/uploads/2023/03/VinasDelJaroGamaSuperior-botella-01bisb-JarosRoble.png" class="attachment-full size-full" alt="" />														</div>
						</div>
				</div>
						</div>
					</div>
		</div>
				<div class="elementor-column elementor-col-33 elementor-top-column elementor-element elementor-element-6653668d" data-id="6653668d" data-element_type="column">
			<div class="elementor-column-wrap elementor-element-populated">
							<div class="elementor-widget-wrap">
						<div class="elementor-element elementor-element-461ceffd elementor-widget elementor-widget-text-editor" data-id="461ceffd" data-element_type="widget" data-widget_type="text-editor.default">
				<div class="elementor-widget-container">
								<div class="elementor-text-editor elementor-clearfix">
					<p class="p2"><span class="s2"><b><span class="Apple-converted-space">EL </span></b></span><span class="s3"><b>VIÑEDO</b></span><strong>:</strong><br />Las viñas de Jaros Roble están en la parte más baja de la propiedad. Protegido al norte por una colina y mirando al río Duero por el sur. Suelo arenoso, con algunas arcillas y con contenido en piedras calizas. Cepas de 22 años de edad. Plantación en espaldera y 100% de la variedad Tempranillo/Tinto Fino.</p>					</div>
						</div>
				</div>
				<div class="elementor-element elementor-element-eb1db69 elementor-widget elementor-widget-text-editor" data-id="eb1db69" data-element_type="widget" data-widget_type="text-editor.default">
				<div class="elementor-widget-container">
								<div class="elementor-text-editor elementor-clearfix">
					<p class="p2"><span class="s3"><b>EL VINO</b></span><strong>:</strong><br />Monovarietal de Tinto Fino (Tempranillo). Fermentación en acero inoxidable y maceración de 17 días con sus hollejos. Crianza mínima de 4 meses en barricas de 300 litros de roble francés y americano.</p>					</div>
						</div>
				</div>
				<div class="elementor-element elementor-element-723538e elementor-widget elementor-widget-text-editor" data-id="723538e" data-element_type="widget" data-widget_type="text-editor.default">
				<div class="elementor-widget-container">
								<div class="elementor-text-editor elementor-clearfix">
					<p class="p2"><span class="s3"><b>NOTA DE CATA</b></span><strong>:</strong><br />Es un vino con mucha fruta, jovial en boca, con suaves notas tostadas y taninos dulces de su breve paso por barrica, fresco y agradable. Capacidad de guarda de 5 años.</p>					</div>
						</div>
				</div>
				<div class="elementor-element elementor-element-68559b0b elementor-align-center elementor-widget elementor-widget-button" data-id="68559b0b" data-element_type="widget" data-widget_type="button.default">
				<div class="elementor-widget-container">
					<div class="elementor-button-wrapper">
			<a href="https://vinumnobile.com/wp-content/uploads/2023/03/VinasDelJaroGamaSuperior-ficha-01bis-JarosRoble.pdf" target="_blank" class="elementor-button-link elementor-button elementor-size-sm" role="button">
						<span class="elementor-button-content-wrapper">
						<span class="elementor-button-text">DESCARGAR FICHA PDF</span>
		</span>
					</a>
		</div>
				</div>
				</div>
						</div>
					</div>
		</div>
								</div>
					</div>
		</section>
						</div>
						</div>
					</div>

<p>D.O. Ribera del Duero VIÑAS DEL JARO Jaros Roble VARIEDADES DE UVA:Tempranillo 100%. LA BODEGA:A un kilómetro del río Duero se sitúa nuestra bodega y finca Viñas del Jaro, donde elaboramos 5 vinos diferentes. El viñedo ocupa una superficie de 46 ha. dividido en 28 sectores, atendiendo a las variedades, suelos, orientación y altura. La [&hellip;]</p>
